{"id":2623,"date":"2024-12-22T18:30:10","date_gmt":"2024-12-22T18:30:10","guid":{"rendered":"http:\/\/www.alfadisli.com\/?page_id=2623"},"modified":"2024-12-22T18:33:16","modified_gmt":"2024-12-22T18:33:16","slug":"kalite-anlayisimiz","status":"publish","type":"page","link":"https:\/\/www.alfadisli.com\/?page_id=2623","title":{"rendered":"Kalite anlay\u0131\u015f\u0131m\u0131z"},"content":{"rendered":"<div class=\"wpb-content-wrapper\"><p>[vc_row][vc_column][vc_empty_space][vc_empty_space][\/vc_column][\/vc_row][vc_row][vc_column css=&#8221;.vc_custom_1734813291864{background-color: #FBFBFB !important;}&#8221;][vc_custom_heading text=&#8221;Kalite Anlay\u0131\u015f\u0131m\u0131z&#8221; google_fonts=&#8221;font_family:Cuprum%3Aregular%2Citalic%2C700%2C700italic|font_style:700%20bold%20regular%3A700%3Anormal&#8221; css_animation=&#8221;fadeIn&#8221; css=&#8221;&#8221;][vc_single_image image=&#8221;2385&#8243; img_size=&#8221;full&#8221; css_animation=&#8221;fadeInRight&#8221; css=&#8221;&#8221;][vc_column_text css_animation=&#8221;fadeIn&#8221; css=&#8221;&#8221;]<\/p>\n<p data-pm-slice=\"1 1 []\"><strong>Kalite Anlay\u0131\u015f\u0131m\u0131z: M\u00fckemmeliyetin Temel \u0130lkesi<\/strong><\/p>\n<p>Alfa Di\u015fli olarak kalite, sadece bir standart de\u011fil, t\u00fcm i\u015f s\u00fcre\u00e7lerimizin temel ta\u015f\u0131d\u0131r. \u00dcr\u00fcnlerimizin ve hizmetlerimizin her a\u015famas\u0131nda kaliteyi \u00f6n planda tutarak, m\u00fc\u015fterilerimize uzun \u00f6m\u00fcrl\u00fc, g\u00fcvenilir ve \u00fcst\u00fcn performans sunmay\u0131 taahh\u00fct ediyoruz.<\/p>\n<p><strong>Hedefimiz:<\/strong><\/p>\n<ul data-spread=\"false\">\n<li>M\u00fc\u015fteri memnuniyetini en \u00fcst d\u00fczeyde sa\u011flamak,<\/li>\n<li>Uluslararas\u0131 standartlara uygun \u00fcr\u00fcnler \u00fcretmek,<\/li>\n<li>S\u00fcrekli iyile\u015ftirme ve geli\u015fim anlay\u0131\u015f\u0131n\u0131 benimsemektir.<\/li>\n<\/ul>\n<p><strong>Kalite Kontrol S\u00fcre\u00e7lerimiz<\/strong> \u00dcretim s\u00fcre\u00e7lerimiz, hassas m\u00fchendislik ve titiz kalite kontrol a\u015famalar\u0131n\u0131 i\u00e7erir. Her bir \u00fcr\u00fcn\u00fcm\u00fcz, uluslararas\u0131 kalite standartlar\u0131na uygun olarak test edilir ve onaylan\u0131r. Bu sayede, \u00fcr\u00fcnlerimizin dayan\u0131kl\u0131l\u0131\u011f\u0131 ve performans\u0131 garanti alt\u0131na al\u0131n\u0131r.<\/p>\n<p><strong>Hammadde Se\u00e7imi:<\/strong> En kaliteli malzemeleri kullanarak dayan\u0131kl\u0131 ve uzun \u00f6m\u00fcrl\u00fc \u00fcr\u00fcnler sunuyoruz. <strong>\u0130leri Teknoloji:<\/strong> \u00dcretim s\u00fcre\u00e7lerimizde en son teknolojileri kullanarak hassasiyet ve verimlili\u011fi art\u0131r\u0131yoruz. <strong>Uzman Ekip:<\/strong> Alan\u0131nda deneyimli ekibimizle m\u00fc\u015fterilerimizin ihtiya\u00e7lar\u0131n\u0131 en iyi \u015fekilde kar\u015f\u0131l\u0131yoruz.<\/p>\n<p><strong>S\u00fcrd\u00fcr\u00fclebilir Kalite<\/strong> \u00c7evresel sorumluluklar\u0131m\u0131z\u0131n bilincindeyiz ve \u00fcretim s\u00fcre\u00e7lerimizde s\u00fcrd\u00fcr\u00fclebilirlik ilkelerine ba\u011fl\u0131y\u0131z. Karbon ayak izimizi en aza indirmek ve \u00e7evre dostu \u00e7\u00f6z\u00fcmler geli\u015ftirmek i\u00e7in \u00e7al\u0131\u015f\u0131yoruz. Bu do\u011frultuda, hem \u00e7evreye hem de topluma de\u011fer katan \u00fcr\u00fcnler \u00fcretmekteyiz.<\/p>\n<p><strong><img loading=\"lazy\" decoding=\"async\" class=\"alignnone size-medium wp-image-2625\" src=\"http:\/\/www.alfadisli.com\/wp-content\/uploads\/2024\/12\/yeni-300x300.png\" alt=\"\" width=\"300\" height=\"300\" srcset=\"https:\/\/www.alfadisli.com\/wp-content\/uploads\/2024\/12\/yeni-300x300.png 300w, https:\/\/www.alfadisli.com\/wp-content\/uploads\/2024\/12\/yeni-150x150.png 150w, https:\/\/www.alfadisli.com\/wp-content\/uploads\/2024\/12\/yeni-768x768.png 768w, https:\/\/www.alfadisli.com\/wp-content\/uploads\/2024\/12\/yeni-75x75.png 75w, https:\/\/www.alfadisli.com\/wp-content\/uploads\/2024\/12\/yeni-80x80.png 80w, https:\/\/www.alfadisli.com\/wp-content\/uploads\/2024\/12\/yeni-600x600.png 600w, https:\/\/www.alfadisli.com\/wp-content\/uploads\/2024\/12\/yeni-100x100.png 100w, https:\/\/www.alfadisli.com\/wp-content\/uploads\/2024\/12\/yeni.png 1024w\" sizes=\"auto, (max-width: 300px) 100vw, 300px\" \/>M\u00fc\u015fteri Odakl\u0131l\u0131k<\/strong> Kalite anlay\u0131\u015f\u0131m\u0131z\u0131n temelinde, m\u00fc\u015fterilerimizin ihtiya\u00e7lar\u0131na en uygun \u00e7\u00f6z\u00fcmleri sunmak yer al\u0131r. Her projede, m\u00fc\u015fteri taleplerini dikkatle analiz ederek \u00f6zelle\u015ftirilmi\u015f hizmetler sunar\u0131z.[\/vc_column_text][\/vc_column][\/vc_row][vc_row][vc_column][vc_empty_space][\/vc_column][\/vc_row][vc_row][vc_column][vc_column_text css=&#8221;&#8221;]<\/p>\n<p data-pm-slice=\"1 1 []\"><strong>Kalite Politikam\u0131z: S\u00fcrekli \u0130yile\u015fme ve M\u00fckemmellik \u0130lkesi<\/strong><\/p>\n<ol start=\"1\" data-spread=\"true\">\n<li><strong>Kaliteyi Temel \u0130lke Olarak Benimsemek:<\/strong> Kaliteyi, t\u00fcm s\u00fcre\u00e7lerimizin vazge\u00e7ilmez bir unsuru olarak g\u00f6rmek ve bu anlay\u0131\u015f\u0131 t\u00fcm \u00e7al\u0131\u015fanlar\u0131m\u0131za yaymak.<\/li>\n<li><strong>\u0130\u015fbirli\u011fi ve S\u00fcreklilik:<\/strong> Kaliteye \u00f6ncelik veren firmalarla i\u015fbirli\u011fi yapmak ve i\u015f ortaklar\u0131m\u0131z\u0131n kalite seviyelerini d\u00fczenli olarak de\u011ferlendirerek s\u00fcreklili\u011fi sa\u011flamak.<\/li>\n<li><strong>Teknolojiye Yat\u0131r\u0131m:<\/strong> Teknolojik geli\u015fmeleri yak\u0131ndan takip ederek, ihtiya\u00e7 duyulan ekipmanlar\u0131 modern teknolojilere g\u00f6re yenilemek.<\/li>\n<li><strong>E\u011fitim ve Bilin\u00e7lendirme:<\/strong> Personelimize d\u00fczenli e\u011fitimler vererek kalite bilincini art\u0131rmak ve i\u015f kalitesinde s\u00fcrekli geli\u015fim sa\u011flamak.<\/li>\n<li><strong>Toplam Kalite K\u00fclt\u00fcr\u00fc:<\/strong> Toplam kalite anlay\u0131\u015f\u0131n\u0131 t\u00fcm \u00e7al\u0131\u015fanlar\u0131m\u0131za benimseterek, ekip \u00fcyelerimizin daha \u00fcretken, yarat\u0131c\u0131 ve motive olmas\u0131n\u0131 te\u015fvik etmek.<\/li>\n<li><strong>\u00c7evre ve \u0130\u015f G\u00fcvenli\u011fi:<\/strong> \u00c7evreyi koruma ve i\u015f g\u00fcvenli\u011fi kurallar\u0131n\u0131 t\u00fcm \u00e7al\u0131\u015fanlar\u0131m\u0131za benimseterek, topluma ve do\u011fal \u00e7evreye duyarl\u0131 bir firma olarak faaliyet g\u00f6stermek.<\/li>\n<li><strong>\u00dcr\u00fcn ve S\u00fcre\u00e7 \u0130yile\u015ftirme:<\/strong> \u00dcr\u00fcnlerdeki olas\u0131 hatalar\u0131 ve nedenlerini analiz ederek \u00f6nleyici tedbirler almak ve bu sayede hem \u00fcr\u00fcn kalitesini hem de \u00fcretim verimlili\u011fini art\u0131rmak.<\/li>\n<li><strong>Zaman\u0131nda Teslim ve G\u00fcvenilirlik:<\/strong> M\u00fc\u015fteri taleplerini zaman\u0131nda ve eksiksiz kar\u015f\u0131layarak, g\u00fcvenilir ve tercih edilen bir firma olmaya devam etmek.<\/li>\n<li><strong>\u0130\u015f Sa\u011fl\u0131\u011f\u0131 ve G\u00fcvenli\u011fi Standartlar\u0131:<\/strong> T\u00fcm i\u015f s\u00fcre\u00e7lerinde i\u015f sa\u011fl\u0131\u011f\u0131 ve g\u00fcvenli\u011fi standartlar\u0131n\u0131 eksiksiz yerine getirerek, g\u00fcvenli bir \u00e7al\u0131\u015fma ortam\u0131 sa\u011flamak.<\/li>\n<li><strong>Yasal Mevzuata Uyum:<\/strong> \u0130nsan ve \u00e7evre sa\u011fl\u0131\u011f\u0131na \u00f6ncelik vererek, ilgili t\u00fcm yasal gereklilikleri tam anlam\u0131yla yerine getirmek.<\/li>\n<li><strong>Uluslararas\u0131 Standartlara Ba\u011fl\u0131l\u0131k:<\/strong> ISO 9001:2015, ISO 14001:2015 ve ISO 45001:2015 y\u00f6netim sistemlerinin gereklerini yerine getirmek ve bu standartlar\u0131 uygulamak.<\/li>\n<li><strong>Hedefler ve S\u00fcre\u00e7 Y\u00f6netimi:<\/strong> Kalite politikam\u0131z\u0131 destekleyen hedefler belirlemek ve bu hedeflere ula\u015fmak i\u00e7in gerekli altyap\u0131y\u0131 olu\u015fturmak.<\/li>\n<li><strong>Sistematik E\u011fitim ve Bilin\u00e7lendirme:<\/strong> Y\u00f6netim sistemi e\u011fitimlerini t\u00fcm \u00e7al\u0131\u015fanlar\u0131m\u0131za sunarak fark\u0131ndal\u0131\u011f\u0131 art\u0131rmak.<\/li>\n<li><strong>Raporlama ve Soru\u015fturma:<\/strong> T\u00fcm olaylar\u0131 raporlayarak, k\u00f6k nedenlerini ara\u015ft\u0131rmak ve gerekli d\u00fczeltici aksiyonlar\u0131 almak.<\/li>\n<li><strong>Risk De\u011ferlendirme ve Takip:<\/strong> D\u00fczenli de\u011ferlendirmelerle mevcut riskleri tespit ederek, aksiyon planlar\u0131n\u0131 g\u00f6zden ge\u00e7irmek ve etkin bir \u015fekilde takip etmek.<\/li>\n<li><strong>Kalite Kontrol ve Sertifikasyon:<\/strong> Cnc di\u015fli profil \u00f6l\u00e7\u00fcm cihaz\u0131m\u0131zla, \u00fcretilen t\u00fcm di\u015flileri hassas bir \u015fekilde kontrol ederek, gerekli sertifikalar\u0131 sa\u011flamak.<\/li>\n<\/ol>\n<p><strong>Alfa Di\u015fli olarak, kaliteye olan ba\u011fl\u0131l\u0131\u011f\u0131m\u0131z\u0131 her ad\u0131mda kan\u0131tl\u0131yor ve m\u00fc\u015fteri memnuniyetini en \u00fcst seviyede tutmay\u0131 hedefliyoruz.<\/strong>[\/vc_column_text][\/vc_column][\/vc_row]<\/p>\n<\/div>","protected":false},"excerpt":{"rendered":"<p>[vc_row][vc_column][vc_empty_space][vc_empty_space][\/vc_column][\/vc_row][vc_row][vc_column css=&#8221;.vc_custom_1734813291864{background-color: #FBFBFB !important;}&#8221;][vc_custom_heading text=&#8221;Kalite Anlay\u0131\u015f\u0131m\u0131z&#8221; google_fonts=&#8221;font_family:Cuprum%3Aregular%2Citalic%2C700%2C700italic|font_style:700%20bold%20regular%3A700%3Anormal&#8221; css_animation=&#8221;fadeIn&#8221; css=&#8221;&#8221;][vc_single_image image=&#8221;2385&#8243; img_size=&#8221;full&#8221; css_animation=&#8221;fadeInRight&#8221; css=&#8221;&#8221;][vc_column_text css_animation=&#8221;fadeIn&#8221; css=&#8221;&#8221;] Kalite Anlay\u0131\u015f\u0131m\u0131z: M\u00fckemmeliyetin Temel \u0130lkesi Alfa Di\u015fli olarak kalite, sadece bir standart de\u011fil, t\u00fcm i\u015f&hellip;<\/p>\n","protected":false},"author":2,"featured_media":0,"parent":0,"menu_order":0,"comment_status":"closed","ping_status":"closed","template":"","meta":{"footnotes":""},"class_list":["post-2623","page","type-page","status-publish","hentry","no-thumb"],"_links":{"self":[{"href":"https:\/\/www.alfadisli.com\/index.php?rest_route=\/wp\/v2\/pages\/2623","targetHints":{"allow":["GET"]}}],"collection":[{"href":"https:\/\/www.alfadisli.com\/index.php?rest_route=\/wp\/v2\/pages"}],"about":[{"href":"https:\/\/www.alfadisli.com\/index.php?rest_route=\/wp\/v2\/types\/page"}],"author":[{"embeddable":true,"href":"https:\/\/www.alfadisli.com\/index.php?rest_route=\/wp\/v2\/users\/2"}],"replies":[{"embeddable":true,"href":"https:\/\/www.alfadisli.com\/index.php?rest_route=%2Fwp%2Fv2%2Fcomments&post=2623"}],"version-history":[{"count":3,"href":"https:\/\/www.alfadisli.com\/index.php?rest_route=\/wp\/v2\/pages\/2623\/revisions"}],"predecessor-version":[{"id":2627,"href":"https:\/\/www.alfadisli.com\/index.php?rest_route=\/wp\/v2\/pages\/2623\/revisions\/2627"}],"wp:attachment":[{"href":"https:\/\/www.alfadisli.com\/index.php?rest_route=%2Fwp%2Fv2%2Fmedia&parent=2623"}],"curies":[{"name":"wp","href":"https:\/\/api.w.org\/{rel}","templated":true}]}}